l. What is the thousands digit of l?
2
Suppose 88*u - 72712 = 16168. What is the tens digit of u?
1
Let a = 73 - 107. Let h = a - -63. What is the units digit of h?
9
Suppose 236 + 100 = n. What is the tens digit of n?
3
Suppose 0 = -0*k + 4*k - 100. Suppose -k = -2*j - 7. What is the units digit of j?
9
Let t be 15*((-27)/(-15) + -3). Let p = -8 - t. Suppose -17 = -j + 3*l, j - l - p = 15. What is the tens digit of j?
2
Suppose -2*p + 6 = g, 5*p = -4*g + 3 + 12. Let b be -2 + 2 + (5 - p). Let r(n) = 8*n**3 - 2*n**2 + 4*n - 4. What is the units digit of r(b)?
0
Let p = 1593 - 1122. What is the hundreds digit of p?
4
Suppose 17*z = 21*z - 308. Let k = z - 29. What is the tens digit of k?
4
Suppose 10 = -3*z - 11. Let g(n) be the second derivative of n**5/20 + 7*n**4/12 - n**3 + 9*n**2/2 + 6*n. What is the units digit of g(z)?
1
Let c = 32 + 2. Suppose -32*u - 78 = -c*u. Let i = u + -28. What is the tens digit of i?
1
Let c = -48 - -50. Suppose 5*q = -s + 119, 0 - 229 = -c*s - q. What is the hundreds digit of s?
1
Suppose 2755 = -8*l + 13*l. What is the tens digit of l?
5
What is the thousands digit of (104/(-16) + 9)*516?
1
Let f be -1 - 2 - (-7 + 3). Let v be (-1 - (f - 4)) + 2. Suppose 0*z - v*z = 3*s - 65, -131 = -5*s - z. What is the units digit of s?
7
Let f = 354 + 1021. What is the thousands digit of f?
1
Let g = 204 + 403. What is the tens digit of g?
0
Let z(a) = 18*a**2 - 77*a - 8. What is the units digit of z(7)?
5
Let j(s) = s**3 + 5*s**2 + 2. Let i be j(-5). Suppose 0 = i*h + h - 72. What is the tens digit of 1*(h - -1) + -2?
2
Suppose 9*c = 3*h + 7*c + 622, -h - 2*c = 210. Let s = 4 - h. What is the hundreds digit of s?
2
Suppose 0 = -2*m + 30*w - 26*w + 126, 4*m - 252 = -5*w. What is the units digit of m?
3
Suppose -5*r = -10*r + 15. Suppose -126 = -2*v - 3*z, 191 = r*v - 0*v + 5*z. What is the tens digit of v?
5
Suppose -21455 = -7*n + 4039. What is the hundreds digit of n?
6
Suppose 4*f + g - 39 = 0, -3*g + 26 = 5*f - 21. Suppose f*v - 413 = 3*v. What is the units digit of v?
9
What is the thousands digit of 1*(3236 + -3 - 7)?
3
Let c be 4/(-6) - 96/(-36). Suppose -c*t = -8*t + 1056. What is the hundreds digit of t?
1
Suppose -3*l + q - 5 = -954, 0 = 4*l - 4*q - 1252. What is the hundreds digit of l?
3
Let b(a) be the first derivative of -2*a**2 + 20*a - 9. What is the units digit of b(-8)?
2
Let r = -119 + -748. Let u = -581 - r. What is the hundreds digit of u?
2
Suppose a - 277 = -f, -405 = -2*a - 3*f + 147. What is the units digit of a?
9
Let m be 2 + -3 + (-2)/((-4)/146). Let h = m - 38. What is the tens digit of h?
3
Suppose -6*q = -3*q. Let b = q - -5. What is the units digit of b?
5
Let t(x) = -x + 2. Let a be t(-3). Let c(l) = -5*l + 4. Let b be c(-3). Suppose a = o - b. What is the units digit of o?
4
Suppose j = -4*p + 1831, -8*j + p = -5*j - 5480. What is the hundreds digit of j?
8
Let u(y) = 2*y**2 - 4*y + 2. Let q be u(6). Let g = 104 - q. What is the tens digit of g?
5
Let l(o) = 5*o**3 + o**2. Let s = 36 - 35. What is the units digit of l(s)?
6
Let c(h) = 6*h + 26. Let k be c(-6). Let z be (-4)/k - (-6936)/60. Suppose -4*g - u = -2*u - 131, 4*g + 4*u = z. What is the tens digit of g?
3
Let w = 121 - 119. Suppose 2*u - 2*t - 260 = 0, -w*u - 5*t = -240 - 48. What is the tens digit of u?
3
Suppose 0 = -x - 3*x. Suppose 5*g + 2*u - 22 = x, -3*u = -6*u + 3. Suppose 34 = q - 2*h, -49 = g*q - 2*h - 155. What is the units digit of q?
4
Suppose -7 = 3*w - 13. Suppose -17 = x - 5*d, w*d - 6 = 2*x - d. Suppose 0 = -l + 19 + x. What is the tens digit of l?
2
Let p = 2155 - 2107. What is the tens digit of p?
4
What is the hundreds digit of (-11)/(308/16) - (-10870)/35?
3
Suppose 0 = 5*l - 9*l + 784. Suppose -l + 64 = -6*d. What is the tens digit of d?
2
Suppose -294*t + 269*t = -20500. What is the units digit of t?
0
Suppose -1202 = -3*f - f + 3*a, -3*f + a = -904. Let w = -34 + f. What is the tens digit of w?
6
Let g(x) = -18*x**2 - 2*x - 3. Let d be g(-2). Let b(l) = 55*l + 2. Let o be b(-2). Let p = d - o. What is the units digit of p?
7
Let q(l) = 76*l - 85. What is the units digit of q(4)?
9
Suppose -p - 4*p - 148 = 2*s, -2*p + 248 = -4*s. Let d = -20 - s. Suppose 0 = x - 3*x + d. What is the tens digit of x?
2
What is the units digit of (-127)/(-3)*25/(100/48)?
8
Let a(i) be the first derivative of i**3/3 - 3*i**2 + 5*i + 6. Let f be a(4). What is the units digit of f/12 + (-171)/(-12)?
4
Let o = 980 + -503. What is the hundreds digit of o?
4
Let i = 1078 - 679. Suppose -4*r - 323 = -3*p - 3*r, -4*p + i = 5*r. What is the tens digit of p?
0
Suppose 0 = 80*t - 82*t. Suppose -3*p - 517 = -2*o, -3*o - 2*o + 5*p + 1295 = t. What is the tens digit of o?
6
Suppose 12 = v - 5*q + 3*q, -2*v - 4*q - 16 = 0. Suppose -h - v*x + 29 = 0, -2*h - x = -0*x - 70. What is the tens digit of h?
3
Suppose -3*k + 8*k - 40 = 0. Suppose 0 = 2*f + 2*f + k. Let b(v) = -13*v - 1. What is the units digit of b(f)?
5
Let w = -101 - -546. Let m = w - 305. What is the units digit of m?
0
Let q be -3 + 3 + (3 - 3). Suppose t + 0*t = q. What is the units digit of 2 - -23*(1 + t)?
5
Let r = 1243 + -730. Suppose -r - 732 = -5*k. What is the units digit of k?
9
Let i = -260 - -1190. What is the units digit of i?
0
Suppose 0 = -91*i + 95*i - 8. Suppose -v - 326 = -i*h, -3*h + 157 = -2*h - 2*v. What is the hundreds digit of h?
1
Suppose -196 = -b - 69. Suppose 2*i - 3*o = 110 + b, 2*i - 238 = 4*o. What is the units digit of i?
7
Let m(n) = -n**2 + 10*n - 18. Let h be m(5). Suppose f - 3 = h. What is the tens digit of f?
1
Suppose 8*k + 105 = 1393. What is the tens digit of k?
6
Let v(f) be the second derivative of -4*f**3/3 + 29*f**2/2 - 20*f. What is the tens digit of v(-8)?
9
Let p(a) = 5*a - 2. Let u be p(10). Let c = u - -7. What is the tens digit of c?
5
Suppose 0 = 6*t - 10 - 20. Suppose 161 = t*h + 31. What is the units digit of h?
6
Suppose -56*a = -46*a - 12350. What is the tens digit of a?
3
Let l = -372 + 635. What is the hundreds digit of l?
2
Let l(i) = -2*i - 2. Let v be l(-11). Suppose -1255 = -5*o + v. What is the hundreds digit of o?
2
Let i = -43 - -77. Suppose -4*a + y + 2*y = -82, -2*a + i = 2*y. What is the units digit of a?
9
Let b be ((-220)/12)/(1/48). Let w = 8 + -9. What is the tens digit of (w/2)/(11/b)?
4
What is the thousands digit of 34/(-6)*(-747)/3?
1
Let g = -53 - -58. Suppose -4*u + g*t = -105, -2*t + 19 = 4*u - 107. What is the tens digit of u?
3
Let z(k) = 16*k + 108. Let p(u) = 24*u + 162. Let b(f) = 5*p(f) - 8*z(f). What is the tens digit of b(-21)?
1
Let o(u) = -u - 1. Let b be o(3). Let j be -3*(0 + 4)/b. Suppose 5*a = -j*n + 102, n + 3*n = 5*a + 101. What is the tens digit of n?
2
Let z = -2517 - -9237. What is the units digit of z?
0
Suppose -1 + 15 = q + 2*d, -3*d + 9 = 0. What is the tens digit of (-1 - 145)/(((-28)/q)/7)?
9
Let l be 553/(-5) - 8/20. Let k = -53 - l. What is the units digit of (-1)/(-3 - k/(-20))?
0
Let x(h) = h**2 + 42*h - 84. What is the units digit of x(-46)?
0
Let m(r) = -11*r - 7. Let o be m(-9). Suppose 3*w = -2*d + w + o, -42 = -d - 2*w. What is the tens digit of d?
5
Let v(h) = h**2 - 8*h. Let d be v(8). Suppose -o - 3*a = o - 18, 5*o - 3*a - 3 = d. Let i = o + 9. What is the tens digit of i?
1
Let q(f) = 31*f**2 - 11*f. What is the thousands digit of q(7)?
1
Suppose 10 - 2 = 4*w. Let i(t) = 25 - t + 54 + 5*t**2 - 6*t**w - 2*t**3 + 3*t**3. What is the units digit of i(0)?
9
Let q = 2684 - 1843. What is the hundreds digit of q?
8
Let z(b) be the second derivative of 5*b**4/12 - b**3/2 - 3*b**2/2 + 7*b. Let u be (-16)/(-4)*2/(-4). What is the units digit of z(u)?
3
Let g(s) = -s**2 + 38*s + 14. What is the tens digit of g(32)?
0
Let f(q) = -3*q + 4. Suppose 4*p - 21 = 19. Suppose -p = o - 7. What is the units digit of f(o)?
3
Suppose -4*a + 2*a + 4*b - 24 = 0, a + 12 = -5*b. Let t(k) = -k**3 - 12*k**2 - 5*k - 13. What is the tens digit of t(a)?
4
Suppose 8*v - 86 - 34 = 0. Suppose 0 = 3*c + 4*r - v, 2*c = 3*r - 0 + 10. What is the units digit of c?
5
Let b(c) = -5*c**3 - 27*c**2 + 4*c**3 + 36 + 0*c**3 - 18*c + 11*c**2. What is the tens digit of b(-15)?
8
Let z(y) = -3*y + 8. Let a be z(8). Suppose -108 = -4*v + 6*t - 2*t, -5*v + 2*t + 120 = 0. Let l = v + a. What is the units digit of l